t the prime factors of 42/(-14) - ((-516)/(-2))/o.
2, 3, 7
Let u be (2/(-6))/(3/(-18)). Suppose -2*z + 6*a + 87 = a, 97 = u*z - 3*a. What are the prime factors of z?
2, 7
Let d be (-23)/(-5) - 10/(-25). Suppose d*u + 41 = 186. What are the prime factors of u?
29
Suppose 0 = 3*a + 2 - 14. Suppose 0 = -g + 4*g. Suppose -a*s + 2*s + 20 = g. What are the prime factors of s?
2, 5
Suppose -2*x - 3*c + 98 = 0, -3*x + 82 = -x - 5*c. Let s = 7 + x. What are the prime factors of s?
53
Let a(v) = 8*v + 1143. What are the prime factors of a(0)?
3, 127
Let o(x) = 8*x**3 - 3*x**2 + 2*x - 1. Let j(b) = 8*b**3 - 4*b**2 + 2*b - 1. Let c = -14 - -12. Let w(l) = c*j(l) + 3*o(l). List the prime factors of w(2).
3, 7
Suppose 8 = -3*k - 4*s - 19, 5*s + 10 = k. Let g(j) = j**3 + 0 + 4*j**2 + j**2 + 6 - j. List the prime factors of g(k).
11
What are the prime factors of 900/2 + (-6)/(-3) + 1?
3, 151
Let n(o) = -3*o**3 - 10*o**2 - 2*o + 7. List the prime factors of n(-7).
2, 5, 7
Let t(c) = -c**3 + 5*c**2 + 5*c + 5. Let x(g) = g**3 + 5*g**2 + 3*g + 1. Let f be x(-4). List the prime factors of t(f).
2, 3, 5
List the prime factors of (-5194)/(-28) + (-2)/(-4).
2, 3, 31
Suppose -3*l + 928 = -3527. What are the prime factors of -4 + ((-2)/(-3))/(5/l)?
2, 97
Suppose 0 = i - 13*i + 24. Let t be 25 - ((-3)/(-1) + -1). Suppose 4*j + 100 = 3*n - t, i*j = -6. List the prime factors of n.
37
Let l = -11670 - -2800. List the prime factors of (-2)/(-8) + l/(-40).
2, 3, 37
Let m be 20/(-30) - 40/(-6). Suppose 2*b + j = -j + 120, -m = -2*j. List the prime factors of b.
3, 19
Suppose -6 = -2*a, -8 + 2 = 2*s - 2*a. Suppose s*p - 4*p - q = -20, -p + q = 0. Suppose p*u - 38 = -2. List the prime factors of u.
3
Let y = 43 - 39. Suppose 24 = 2*s + y*z, 3*s + 7*z - 4*z - 36 = 0. List the prime factors of s.
2, 3
Suppose -l - 74 = 4*l + 2*s, -s = -l - 19. Let v = l + 16. Suppose -4*a - 252 = -5*i - 61, -i + a + 38 = v. List the prime factors of i.
3, 13
What are the prime factors of (-2 + (-1058)/(-4) + 3)*2?
3, 59
Suppose 0*s - s = 2*w - 110, -w = 5*s - 532. What are the prime factors of s?
2, 53
Suppose 3*m - 24 = 5*m. Let q = m + 18. What are the prime factors of 1/q + 845/78?
11
List the prime factors of ((-7)/2)/((93/2058)/(-31)).
7
Let m be 2 + (-5)/(15/(-6)). Suppose -4*u - 3*z = -u - 6, -u + 22 = -m*z. List the prime factors of 230/u + 8/12.
3, 13
List the prime factors of (-7*(-3)/12)/(40/23520).
3, 7
Let c(p) = p**2 - 10*p - 18. Let r be c(-17). Suppose -2*u = -5*u + 3*t + r, -5*u + 2*t + 738 = 0. List the prime factors of u.
2, 37
Suppose -56 = -u - 57, -5*s - 5*u = -5830. List the prime factors of s.
3, 389
Let g(i) = -i**2 + 10*i + 9. Let w = 17 + -12. Suppose 0 = -2*c + 4*t + 8, -5 = c - w*t - 3. List the prime factors of g(c).
5
Suppose 4*k + 132 = 1692. List the prime factors of k.
2, 3, 5, 13
Let t be 1/(((-15)/(-147))/5). Suppose 5*v + 88 = 3*x, 2*v = 2*x - 7 - t. What are the prime factors of x?
2, 13
Let t = 3925 - 2066. What are the prime factors of t?
11, 13
Let u = -10 + 5. Let g(a) be the first derivative of -a**3/3 - 5*a**2/2 + 3*a + 38. List the prime factors of g(u).
3
List the prime factors of (0/(-2) - 6/(-18))*606.
2, 101
Let m(k) = -k - 1. Let a(z) = 26*z + 3. Let p(t) = -a(t) - 3*m(t). List the prime factors of p(-2).
2, 23
Suppose -32*m = -31*m - 792. Suppose 10*g = 1488 + m. What are the prime factors of g?
2, 3, 19
Let f(d) = -d**3 - 10*d**2 - d - 10. Let b be f(-10). Suppose b = 2*q - s + 150, -5*s = 3*q - 0*s + 238. What are the prime factors of q/12*(-5 + 2)?
19
Let x be (-1)/(-5)*14*5. Let z be -1*5/15*51. Let b = x - z. What are the prime factors of b?
31
Let r = -12 + 16. List the prime factors of (6 - -2 - -1) + r.
13
Let f = 10 - 5. List the prime factors of (-992)/(-80)*f/2.
31
Suppose -12 = 4*w, -712 - 710 = -3*n + w. What are the prime factors of n?
11, 43
Let u(s) = 3*s**2 - s + 1. Let w = 4 - 3. Let a be u(w). Suppose i + a*i = 120. List the prime factors of i.
2, 3, 5
Let p be 155/(-10) - 12/8. Let t = p + 51. What are the prime factors of t?
2, 17
Suppose 3*q - 3885 = -2*f + 280, -2*q + 4*f + 2782 = 0. What are the prime factors of q?
3, 463
Let z(j) = 5*j**2 - 3*j + 3. Let n be z(3). Let f(h) = -3*h**3 + 3*h**2 - h - 1. Let q be f(2). Let t = q + n. List the prime factors of t.
2, 3
Let v(f) = 2*f**2 - 12*f + 9. Let w be v(-10). Let q = w + -42. List the prime factors of q.
7, 41
Let j = 65 - 365. Let d = j - -424. List the prime factors of d.
2, 31
Let x be ((-8)/(-3))/(-4)*36. Let r be (3/(-6))/(2/x). What are the prime factors of (1 - r/4)*-8?
2
Let u(z) = z + 3*z**3 + 3*z**3 - 5*z**3 - z**2 + 50. Suppose -2*i + 0*i = 0. List the prime factors of u(i).
2, 5
Let j be 43/9 + (-12)/(-54). Suppose -j*f + 23 + 47 = 0. Let q = 23 - f. List the prime factors of q.
3
List the prime factors of (426/9)/(87/27 - 3).
3, 71
Let c(l) = 38*l**2 + 26*l + 5. Let n(q) = 13*q**2 + 9*q + 2. Let k(v) = 3*c(v) - 8*n(v). List the prime factors of k(3).
107
Let h(r) be the first derivative of 3*r + 10*r + 7 - r**2 + 12*r. What are the prime factors of h(-7)?
3, 13
Let q(h) = -3*h + 2. Let c be q(1). Let w be -2 + (2 - (c + -1)). Suppose 2*u + 348 = 5*o - w*u, -2*o - u + 134 = 0. What are the prime factors of o?
2, 17
Suppose j - 2*s = -3*j - 20, 3*j = 3*s - 12. Let l be 90/12*(-4)/j. Suppose -l*n + 70 = -0*n. List the prime factors of n.
2, 7
Suppose 321 = 5*q - r, 253 = 4*q + 2*r + r. Let l = q - 33. List the prime factors of l.
31
Suppose 3*y - 1078 = -4*c, -5*c + 9*c + 370 = y. List the prime factors of y.
2, 181
Let j(p) = 8*p**2 + 6*p - 44. What are the prime factors of j(7)?
2, 3, 5, 13
Suppose 3*b = 3*v - 15, 0 = -2*b - 4 - 2. Suppose -v*m + 36 = -22. What are the prime factors of m?
29
Let k = 355 + 73. List the prime factors of k.
2, 107
Let d be (0 - 2 - -25) + -1. Suppose -3*c + 94 - d = 0. What are the prime factors of c?
2, 3
Let f(w) = 14*w - 33. Let n be (-2 + 1)*(-9 + 2). List the prime factors of f(n).
5, 13
Suppose i - 13 = 12. Suppose -4*x - i = -153. Suppose 42*o - 38*o = x. List the prime factors of o.
2
Let w(z) = -2*z - 13. Let a be w(-8). Let p(q) = q**3 - 3*q**2. Let s be p(a). Let n(x) = x + 64. List the prime factors of n(s).
2
Let j(f) = -7*f**3 - 2*f. Let m(q) = 20*q**3 + 5*q. Let h(g) = 17*j(g) + 6*m(g). Let x = 24 + -21. What are the prime factors of h(x)?
3, 5
Let c be 21/42*(-1 - -1). Let n(q) = -q + 49. List the prime factors of n(c).
7
Suppose 13 = -m + 74. Let l = 55 - 80. Let r = m + l. List the prime factors of r.
2, 3
Let d = 79 - 161. Let h = 25 - d. List the prime factors of h.
107
Suppose 2*z - 190 - 369 = -5*i, -z = -5*i - 272. List the prime factors of z.
277
Suppose 2*j = -5*p + 791 + 2039, 0 = j - p - 1422. List the prime factors of j.
2, 5, 71
Suppose 5*v = -4*a, a - 2*v = 3*v. Suppose 0 = -4*h - a*h + 20. Suppose 2*o + 5*w - 3 = -2*o, o - h*w - 7 = 0. List the prime factors of o.
2
Let m(o) = o**3 - o**2 + 5. Let h be m(0). Suppose h*k - 3*r = -0*r + 107, k = -r + 23. List the prime factors of k.
2, 11
Let o = 16 - 16. Suppose o = j - 41 - 7. Suppose 3*d + d = j. What are the prime factors of d?
2, 3
Let j = 0 - 7. Let w = j + 12. List the prime factors of w.
5
Let s be (-4 - -10) + 1 + -4. Let z = 9 + s. List the prime factors of z.
2, 3
Let f(y) = -1 - 26*y**2 - 6 + 5*y + 29*y**2. Let v = 12 + -18. What are the prime factors of f(v)?
71
Let l = 61 - 36. Suppose 2*g = -3*g + l. List the prime factors of g.
5
Let f be (72/30)/((-8)/(-20)). Suppose -5*l - 680 = -3*v, 3*v = -f*l + 2*l + 671. List the prime factors of v.
3, 5
Suppose 14*w = 2*w - 0*w. Let s(i) = -i**3 + i**2 - i + 59. What are the prime factors of s(w)?
59
Suppose -330 = -5*y + 150. What are the prime factors of y?
2, 3
Suppose 1166*w - 1152*w - 50232 = 0. List the prime factors of w.
2, 3, 13, 23
Suppose 5*h - 81 + 731 = 0. List the prime factors of (10/10)/(-1 - 132/h).
5, 13
Suppose 0*y = -4*y + 68. Suppose 18*o - 82 = y*o. What are the prime factors of o?
2, 41
Let u be (-8)/3*(18 + -12). Let p = u - -166. What are the prime factors of p?
2, 3, 5
Let h be (-2 - 4)*7/14. Let l = -8 - h. Let c(o) = o**2 + 2*o - 2. What are the prime factors of c(l)?
13
Suppose -29*z - 37*z + 115104 = 0. List the prime factors of z.
2, 109
Let r be (33/12)/(4/(